
10
What is the greatest common divisor of 2103 and 614777?
701
Calculate the highest common divisor of 114548 and 812.
28
What is the greatest common factor of 12026 and 112?
14
What is the highest common divisor of 23580659 and 2243?
2243
What is the greatest common divisor of 456 and 345192?
456
What is the highest common factor of 322280 and 280?
280
Calculate the highest common divisor of 8 and 35608.
8
What is the greatest common factor of 7440 and 53103?
93
What is the highest common factor of 381 and 2576703?
381
What is the greatest common divisor of 153 and 103479?
51
What is the highest common factor of 319 and 106169?
29
What is the highest common divisor of 35 and 1110935?
35
What is the greatest common divisor of 4200 and 336?
168
What is the greatest common factor of 16 and 175888?
16
Calculate the greatest common divisor of 49716 and 288.
36
What is the greatest common divisor of 82720 and 88?
88
Calculate the greatest common divisor of 91356 and 276.
276
Calculate the greatest common factor of 130413 and 87.
87
What is the greatest common divisor of 871893 and 198?
99
Calculate the highest common divisor of 562 and 2403393.
281
What is the highest common factor of 1116 and 2412?
36
Calculate the highest common divisor of 6919 and 578.
17
Calculate the greatest common factor of 3577803 and 3844.
961
Calculate the greatest common factor of 49428 and 372.
12
Calculate the highest common factor of 61296 and 60.
12
Calculate the highest common factor of 508 and 2896.
4
What is the greatest common factor of 99 and 146862?
9
Calculate the greatest common factor of 1116 and 100998.
558
Calculate the highest common divisor of 479787 and 217.
217
Calculate the greatest common factor of 4912 and 57424.
16
What is the greatest common divisor of 122623 and 1363?
47
What is the greatest common factor of 200 and 140100?
100
Calculate the greatest common factor of 3 and 191413.
1
Calculate the greatest common factor of 252 and 1526.
14
What is the greatest common factor of 8197 and 63?
7
Calculate the highest common factor of 3139317 and 81.
81
Calculate the highest common factor of 414 and 370530.
414
Calculate the greatest common divisor of 21 and 27399.
3
Calculate the greatest common factor of 2980 and 740.
20
What is the highest common divisor of 2204 and 1764302?
1102
Calculate the highest common divisor of 22 and 21952.
2
What is the highest common factor of 26344 and 488?
8
Calculate the highest common divisor of 483275 and 650.
325
Calculate the highest common factor of 98 and 1750.
14
Calculate the highest common factor of 383410 and 23.
23
What is the highest common divisor of 3252 and 217071?
813
What is the greatest common factor of 623 and 26618921?
623
Calculate the greatest common divisor of 216 and 2754.
54
Calculate the greatest common divisor of 106 and 2894.
2
Calculate the greatest common factor of 8760169 and 11.
11
What is the greatest common divisor of 12 and 125226?
6
Calculate the highest common divisor of 1680 and 1470.
210
What is the highest common factor of 16 and 193840?
16
Calculate the highest common divisor of 26504 and 744.
8
What is the greatest common divisor of 234077 and 3713?
79
What is the highest common factor of 1293270 and 660?
330
Calculate the greatest common divisor of 179294 and 23982.
1142
What is the greatest common divisor of 17 and 81?
1
Calculate the highest common factor of 98259 and 105.
21
Calculate the highest common divisor of 3530 and 29299.
353
Calculate the highest common factor of 2124 and 1500.
12
Calculate the highest common factor of 4508 and 64.
4
Calculate the greatest common divisor of 100 and 6140.
20
Calculate the highest common divisor of 14643 and 9.
9
Calculate the greatest common divisor of 3674 and 27722.
334
Calculate the highest common divisor of 462 and 12378.
6
What is the greatest common factor of 2021 and 16039?
43
What is the highest common divisor of 880 and 10780?
220
What is the highest common divisor of 310 and 3434335?
155
Calculate the greatest common divisor of 514521 and 9.
9
What is the highest common factor of 298 and 24883?
149
What is the highest common divisor of 130809 and 21?
21
Calculate the highest common divisor of 228 and 4683576.
228
Calculate the highest common factor of 79 and 316237.
79
What is the highest common divisor of 93951 and 3796?
949
What is the highest common divisor of 790 and 518?
2
Calculate the highest common divisor of 3145 and 59126.
629
What is the greatest common factor of 12 and 719772?
12
What is the greatest common factor of 75 and 348015?
15
Calculate the highest common factor of 3266 and 66314.
142
What is the greatest common divisor of 224650 and 10?
10
What is the highest common factor of 57579 and 357?
51
What is the greatest common divisor of 12 and 223000?
4
What is the highest common factor of 3630 and 84?
6
What is the greatest common factor of 3263 and 26?
13
Calculate the highest common divisor of 51924 and 12.
12
What is the greatest common divisor of 1944 and 81486?
162
What is the greatest common divisor of 12561 and 1590?
159
Calculate the greatest common factor of 873 and 3298.
97
Calculate the highest common factor of 4576 and 2106.
26
Calculate the greatest common factor of 1664 and 178672.
208
What is the highest common factor of 65460 and 1440?
60
What is the greatest common factor of 3434 and 656702?
202
Calculate the highest common divisor of 2178900 and 50.
50
Calculate the highest common factor of 39 and 4011.
3
What is the greatest common divisor of 219235 and 163?
163
Calculate the highest common factor of 1920 and 570.
30
Calculate the greatest common factor of 26235 and 3168.
99
What is the greatest common divisor of 25201 and 4147?
319
What is the greatest common divisor of 99291 and 759?
69
What is the greatest common factor of 818722 and 604?
302
What is the greatest common factor of 608120 and 345?
115
Calculate the highest common factor of 3182905 and 242.
121
Calculate the greatest common factor of 81 and 64899.
9
What is the greatest common factor of 15311 and 35197?
61
Calculate the greatest common divisor of 8334 and 2922.
6
What is the highest common divisor of 9579 and 14523?
309
What is the highest common factor of 7716500 and 5368?
2684
What is the greatest common factor of 546 and 169442?
182
What is the greatest common divisor of 8976 and 306?
102
What is the highest common factor of 14 and 2877658?
14
Calculate the greatest common divisor of 3952 and 741.
247
What is the highest common factor of 861112 and 16?
8
What is the greatest common factor of 88 and 21428?
44
What is the highest common factor of 120050 and 75?
25
Calculate the highest common divisor of 160 and 6112.
32
What is the highest common factor of 84073 and 121?
11
What is the highest common factor of 558 and 225153?
279
What is the highest common factor of 103431 and 46?
23
What is the greatest common divisor of 126 and 2583?
63
What is the highest common divisor of 34699 and 7?
7
Calculate the highest common factor of 10443 and 708.
177
What is the greatest common factor of 740333 and 185?
37
Calculate the greatest common factor of 57 and 16678257.
57
What is the greatest common divisor of 28 and 346241?
7
What is the greatest common divisor of 14 and 17956?
2
Calculate the highest common divisor of 139 and 49901.
139
What is the greatest common factor of 192 and 1603136?
64
What is the greatest common divisor of 25 and 73?
1
What is the greatest common divisor of 3 and 98244?
3
What is the greatest common divisor of 265 and 46693?
53
Calculate the greatest common factor of 194 and 613913.
97
Calculate the highest common divisor of 3443 and 1859.
11
What is the greatest common factor of 60768 and 108?
36
Calculate the highest common divisor of 931 and 13239751.
931
What is the highest common factor of 32 and 45392?
16
What is the greatest common factor of 73642 and 3?
1
Calculate the greatest common divisor of 32210 and 170.
10
What is the greatest common factor of 35328 and 46644?
276
Calculate the greatest common factor of 780 and 827580.
780
What is the greatest common divisor of 7761 and 78?
39
What is the greatest common factor of 4626 and 236954?
514
What is the greatest common factor of 137418 an